?
True
Is 918 a factor of 54162?
True
Is 30 a factor of 122400?
True
Does 64 divide 45008?
False
Is 841358 a multiple of 133?
True
Is 156 a factor of 799968?
True
Is 49939 a multiple of 21?
False
Is 2125904 a multiple of 84?
False
Is 3 a factor of 37957?
False
Is 10605 a multiple of 7?
True
Does 20 divide 479703?
False
Does 276 divide 64308?
True
Is 3985719 a multiple of 6?
False
Is 138894 a multiple of 14?
True
Does 441 divide 5599377?
True
Does 80 divide 895734?
False
Is 254092 a multiple of 4?
True
Is 21676667 a multiple of 60?
False
Is 10617 even?
False
Does 201 divide 2365072?
False
Is 54384 a multiple of 22?
True
Is 11 a factor of 340230?
True
Does 123 divide 15091958?
False
Is 42720 a multiple of 356?
True
Is 1115100 a multiple of 30?
True
Is 229 a factor of 423650?
True
Does 25 divide 19575?
True
Does 3 divide 1628720?
False
Is 568906 a multiple of 26?
True
Is 33 a factor of 48543?
True
Is 27103 a multiple of 10?
False
Is 73644 a multiple of 38?
True
Is 368 a factor of 26128?
True
Is 9 a factor of 710649?
True
Is 121780 a multiple of 4?
True
Is 1761 a factor of 7919926?
False
Is 258 a factor of 8306784?
False
Is 361242 a multiple of 172?
False
Is 16081 a multiple of 563?
False
Is 15 a factor of 519030?
True
Does 20 divide 18328?
False
Is 16 a factor of 278080?
True
Is 11 a factor of 25773?
True
Is 292800 a multiple of 177?
False
Does 119 divide 18613?
False
Is 4790 a multiple of 171?
False
Is 2815 a multiple of 5?
True
Is 33 a factor of 320871?
False
Is 6554700 a multiple of 300?
True
Does 151 divide 4399989?
True
Does 192 divide 478031?
False
Is 25 a factor of 68000?
True
Does 523 divide 20033?
False
Does 131 divide 2035347?
True
Is 1193930 a multiple of 7?
False
Is 4174871 a multiple of 463?
True
Is 2017 a factor of 7798552?
False
Does 1085 divide 4353020?
True
Is 248 a factor of 11160?
True
Does 476 divide 413644?
True
Is 10474400 a multiple of 80?
True
Is 12 a factor of 1210740?
True
Is 105769 a multiple of 56?
False
Is 110 a factor of 141164?
False
Is 119070 a multiple of 18?
True
Does 50 divide 702674?
False
Does 47 divide 1238644?
False
Is 44 a factor of 66000?
True
Is 27 a factor of 4721605?
False
Does 7 divide 523572?
True
Is 3222982 a multiple of 171?
False
Is 21 a factor of 147546?
True
Is 1865750 a multiple of 34?
True
Is 136385 a multiple of 4?
False
Is 21405846 a multiple of 147?
True
Does 78 divide 1838614?
False
Is 1913 a factor of 16120851?
True
Is 58 a factor of 14906?
True
Is 124951 even?
False
Is 19 a factor of 342317?
False
Is 1190951 a multiple of 30?
False
Is 64 a factor of 470912?
True
Is 4 a factor of 103544?
True
Is 981006 a multiple of 26?
True
Is 704098 a multiple of 89?
False
Is 256113 a multiple of 13?
True
Does 98 divide 232064?
True
Is 289297 a multiple of 262?
False
Is 12 a factor of 3189036?
True
Does 97 divide 29690?
False
Does 167 divide 1164157?
True
Does 14 divide 2339400?
True
Is 9024707 a multiple of 846?
False
Is 668 a factor of 849757?
False
Does 9 divide 724909?
False
Does 7 divide 121753?
False
Is 23200 a multiple of 40?
True
Is 416 a multiple of 13?
True
Is 9 a factor of 3819285?
True
Is 41021 a multiple of 19?
True
Is 161523 a multiple of 393?
True
Is 189219 a multiple of 63?
False
Is 5 a factor of 268255?
True
Is 992 a factor of 3909472?
True
Is 539 a factor of 4481831?
False
Is 1039348 a multiple of 5?
False
Is 24 a factor of 354186?
False
Is 164375 a multiple of 219?
False
Is 5867346 a multiple of 943?
True
Is 286665 a multiple of 29?
True
Does 92 divide 2922092?
False
Does 84 divide 1136688?
True
Does 654 divide 796103?
False
Is 43448 a multiple of 20?
False
Is 174644 a multiple of 52?
False
Does 15 divide 519684?
False
Does 158 divide 59236?
False
Is 342 a factor of 3189834?
True
Is 3518882 a multiple of 348?
False
Is 163 a factor of 228240?
False
Is 1219 a factor of 7457404?
False
Is 490 a factor of 674240?
True
Does 126 divide 328860?
True
Does 526 divide 1701610?
True
Is 133 a factor of 7049?
True
Is 873178 a multiple of 181?
False
Is 7 a factor of 77637?
True
Is 9 a factor of 125343?
True
Does 90 divide 148758?
False
Is 55 a factor of 485237?
False
Is 58 a factor of 204487?
False
Is 26487 a multiple of 141?
False
Is 295 a factor of 460327?
False
Is 55 a factor of 634738?
False
Is 226 a factor of 2468824?
True
Does 12 divide 2630?
False
Is 378978 a multiple of 438?
False
Is 5 a factor of 332410?
True
Is 13 a factor of 100578?
False
Does 2 divide 44733?
False
Is 144 a factor of 2917152?
True
Is 10622 a multiple of 265?
False
Does 107 divide 197663?
False
Does 19 divide 547930?
False
Is 100861 a multiple of 235?
False
Does 5 divide 1969960?
True
Is 11 a factor of 225?
False
Is 359 a factor of 197450?
True
Is 7 a factor of 161161?
True
Is 56 a factor of 45472?
True
Does 143 divide 31460?
True
Is 3158648 a multiple of 150?
False
Is 274722 a multiple of 42?
True
Is 70 a factor of 1554631?
False
Is 16226922 a multiple of 1723?
False
Is 5248 a multiple of 10?
False
Is 64 a factor of 12005?
False
Is 456900 a multiple of 9?
False
Is 583 a factor of 7795293?
True
Is 54 a factor of 196586?
False
Is 344033 a multiple of 18?
False
Is 246 a factor of 679557?
False
Is 348840 a multiple of 216?
True
Does 6 divide 66486?
True
Is 66 a factor of 157410?
True
Is 100258 a multiple of 214?
False
Is 41137 a multiple of 14?
False
Is 18 a factor of 674136?
True
Is 114540 a multiple of 30?
True
Does 14 divide 5353838?
True
Is 3468134 a multiple of 1204?
False
Is 996045 a multiple of 2?
False
Is 156 a factor of 5780424?
True
Is 18 a factor of 56394?
True
Is 25 a factor of 32825?
True
Is 23660725 a multiple of 115?
False
Is 9 a factor of 4901370?
False
Is 923231 a multiple of 6?
False
Is 174155 a multiple of 5?
True
Does 25 divide 91084?
False
Is 23 a factor of 23759?
True
Does 82 divide 354076?
True
Is 253 a factor of 49335?
True
Does 181 divide 624054?
False
Is 13 a factor of 1774023?
False
Is 149546 a multiple of 46?
True
Is 202878 a multiple of 124?
False
Is 22204 a multiple of 112?
False
Does 1944 divide 6063336?
True
Is 27508 a multiple of 26?
True
Is 454 a factor of 1731102?
True
Does 286 divide 382606?
False
Is 145419 a multiple of 42?
False
Is 85 a factor of 1704590?
True
Does 61 divide 4779960?
True
Is 8 a factor of 20172006?
False
Is 335115 a multiple of 30?
False
Is 74 a factor of 198172?
True
Is 37 a factor of 877603?
True
Is 5 a factor of 81140?
True
Is 18 a factor of 9667944?
True
Does 16 divide 2129268?
False
Is 11459842 a multiple of 38?
False
Is 12943 a multiple of 3?
False
Is 549270 a multiple of 17?
True
Is 13 a factor of 147451?
False
Is 162686 a multiple of 14?
False
Does 84 divide 473340?
True
Is 97083 a multiple of 69?
True
Does 42 divide 230659?
False
Does 61 divide 204824?
False
Does 248 divide 267840?
True
Does 302 divide 249427?
False
Is 218972 a multiple of 510?
False
Is 55477 a multiple of 17?
False
Is 5 a factor of 308825?
True
Does 38 divide 623542?
True
Is 20 a factor of 1118700?
True
Is 6 a factor of 25316?
False
Is 18 a factor of 13448?
False
Is 73 a factor of 1958645?
False
Is 27258 a multiple of 14?
True
Is 2646192 a multiple of 8?
True
Does 22 divide 475898?
False
Is 5 a factor of 280360?
True
Is 3210182 a multiple of 83?
False
Does 14 divide 50932?
True
Is 103 a factor of 6796249?
True
Is 25547117 a multiple of 231?
False
Is 19194 a multiple of 6?
True
Does 56 divide 305928?
True
Does 33 divide 313707?
False
Is 3685447 a multiple of 94?
False
Does 209 divide 491777?
True
Is 4 a factor of 273960?
True
Does 23 divide 11326971?
True
Does 255 divide 649740?
True
Is 33060 a multiple of 17?
False
Is 164 a factor of 959159?
False
Is 130708 a multiple of 797?
True
Is 184299 a multiple of 19?
False
Does 377 divide 6979778?
True
Is 1170435 a multiple of 471?
True
Is 126 a factor of 2584391?
False
Does 4 divide 2449968?
True
Does 11 divide 1373536?
False
Is 5 a factor of 52141?
False
Is 26453 a multiple of 12?
False
Does 18 divide 3011778?
True
Is 259084 a multiple of 165?
False
Does 176 divide 44579?
False
Is 32 a factor of 1761984?
True
Is 8739600 a multiple of 264?
False
Is 67 a factor of 484008?
True
Is 52 a factor of 16494759?
False
Is 63 a factor of 19955202?
False
Does 95 divide 127573?
False
Is 1269499 a multiple of 232?
False
Is 110 a factor of 77000?
True
Is 81 a fact